
5
Let x be -2 + 1116 + 2 + -8 + 4. Suppose 0 = 2*v - 7*v - 2*a + x, -3*a - 460 = -2*v. Suppose 9*f = 13*f - v. What is the units digit of f?
6
Let g(p) = -5*p**3 - 14*p**2 + 36*p + 145. What is the ten thousands digit of g(-18)?
2
What is the hundreds digit of (-54)/(7992/(-12854059)) + (-1 - (-2)/8)?
8
Let s be 1709*-6*((-33)/(-18))/(-11). Suppose -3*a + 5466 - s = -2*w, 5*a - 2*w - 6263 = 0. What is the tens digit of a?
5
Let w be (9/(-3))/(2 - 1). Let c(l) = l**2 - 8*l - 3. What is the units digit of c(w)?
0
Let h(w) = -3*w**2 + 28*w + 83. Let t be h(12). What is the hundreds digit of 265 - (-7 + t)/(-4)?
2
Let n = -98 - -101. Let o be 45/n*(80/3 - -1). Suppose -245 = -4*j + o. What is the units digit of j?
5
Suppose 0 = -124*z + 767804 + 96297 + 43951. What is the tens digit of z?
2
Suppose -9*g + 28*g = -247. What is the tens digit of (396 + -3)*(-12 - g)?
9
Let w = 3031 - 1973. Let r = w - 936. What is the hundreds digit of r?
1
Let x be (-4)/(-16) + 51/(-12) - -573. Suppose -x = 120*l - 121*l. What is the tens digit of l?
6
Let j = -223 + 223. Suppose j = 3*n - 260 - 7. What is the units digit of n?
9
Let b = -55072 - -78033. What is the thousands digit of b?
2
Let m be 13 + (-1)/2*-4. Let u = m + -11. Suppose -s + 3 = -1, -2*s - 576 = -u*w. What is the units digit of w?
6
What is the ten thousands digit of 112/24 + -4 + 39097/3?
1
Let j = 238 - -30. What is the tens digit of -3*(-2 - j/3)?
7
Suppose -3*y - 18 = -3*s, -s + 5*y + 22 = -0. Suppose -2*r - 3*g = -5*r + 51, -15 = -r + s*g. Suppose -n = -12 - r. What is the tens digit of n?
3
Let c(u) = 4987*u**3 + 3*u**2 - 60*u + 110. What is the ten thousands digit of c(2)?
3
Suppose -3*t - m + 11 = 0, 0 = 9*t - 6*t - 5*m - 35. Suppose 0 = -5*o + 5*q + 4550, 2*q - 4493 = -t*o + 50. What is the units digit of o?
9
Let y be (-6)/11 + ((-216)/(-33) - 2). Suppose -l + y*p + 1691 = 0, 6*l - 3*l - 5141 = -5*p. What is the thousands digit of l?
1
Let m be (-5)/(-2)*-164*3/(-6). Let c = 618 + m. What is the tens digit of c?
2
Suppose -5*l + 27 = -m, -29*l + 5*m = -24*l - 15. Suppose -l*x + 5493 = -2*x - 5*z, -4*z = 3*x - 4112. What is the units digit of x?
2
Let p be (-8 - -1 - -3)*-5. Let f = -23 + 8. What is the tens digit of 32/p - 1 - 1146/f?
7
Let l = 183766 + -119187. What is the ten thousands digit of l?
6
Let w be (-103 - 3)/(1 - 3). Let c = 52 - w. What is the tens digit of (c/(-2))/((-1)/(-32))?
1
Let b(p) = 2*p - 72. Let q(c) = c - 1. Let m(n) = b(n) + 2*q(n). What is the units digit of m(21)?
0
Let p be 30/9*120/100. What is the tens digit of ((-84)/(-18) - p)*1857?
3
Let l = -28547 + 73223. What is the units digit of l?
6
Let f be (9/18)/(39/(-36) + 1). What is the units digit of 926 - 3 - f - -2?
1
Let x be 2*(-9)/(-6) + 26. Suppose 0 = 3*m - 4*m + x. Let c = m + -15. What is the units digit of c?
4
Let t(p) be the third derivative of -25*p**4/12 - 23*p**3/6 + p**2. Let r(c) = c**2 + 211*c - 1306. Let g be r(6). What is the units digit of t(g)?
7
Suppose 30*w - 7812 = 2*w. Suppose -3*d + w = 3*x, -4*d = -6*d - 10. What is the tens digit of x?
9
What is the thousands digit of 5348633/1068 + (-2)/(-24)*-1?
5
Suppose -2*t = -16 + 2. Suppose 4*q + t*h = 4*h - 237, 0 = -2*h + 10. Let x = q + 64. What is the units digit of x?
1
Suppose 2*o - b = 35261, 5*o - 5*b = 79130 + 9035. What is the tens digit of o?
2
Suppose -2*u + 3 = -u. Suppose -3 = -u*k + 6. Suppose 1 = -3*c + 4*o + k, 0 = -c - 3*o + 5. What is the units digit of c?
2
What is the units digit of (-35)/105*22*3/(-2)?
1
Suppose 12324 - 106152 = -14*z. What is the hundreds digit of z?
7
Let m(q) = -4*q**2 - 11*q - 22. Let o be m(-15). Let j = o + 1304. What is the units digit of j?
7
Suppose 117*a + 77*a - 855290 = 132*a. What is the hundreds digit of a?
7
Let t(r) = -15*r + 4. Let k be t(1). Let v(z) = -z**2 - 10*z + 3. Let u be v(k). What is the tens digit of 2/8 - 838/u?
0
Suppose -4*u + 16 = v - 2*u, -2*u - 16 = -3*v. Let p = 1342 + -1340. Suppose -p*b + 68 = v. What is the units digit of b?
0
Let k(d) = 4*d**3 - 3*d**2 + 4*d. Suppose -3*q - o = 4 - 16, -2*q + o + 3 = 0. Let s be k(q). Let f = s - 26. What is the tens digit of f?
6
Suppose 0 = -2*n + 5*v + 5, n = -2*v + 3 - 5. Suppose -2*t - a + 17 = -78, n = 2*a + 10. What is the units digit of t?
0
Let j(c) = -c**3 + 67*c**2 - 2*c + 8037. What is the units digit of j(0)?
7
Let h = -64404 - -90850. What is the hundreds digit of h?
4
Suppose -32*j + 24*j - 114121 = -15*j. What is the units digit of j?
3
Let b(a) = 715 - 321 - 350 + 24*a**2. What is the hundreds digit of b(5)?
6
Suppose -2*v - 3*j + 32907 = 0, 0 = 2*v + 2*j - 4*j - 32932. What is the ten thousands digit of v?
1
Let r = -59 - 11. Let p = 413 - 195. Let q = r + p. What is the hundreds digit of q?
1
Let l = -1120 + 17199. What is the ten thousands digit of l?
1
Let z = -661 + 7576. What is the units digit of z?
5
Let b be (3 + 1 - 6)*-1. Let v = b - 257. What is the units digit of (v/(-60))/((-2)/(-56))?
9
Let z(d) = 6*d**2 + 73*d + 44. What is the thousands digit of z(38)?
1
Suppose 32 = -7*f + 32. Suppose 4*r + 2*w = -f*r + 892, 3*r - w - 679 = 0. What is the tens digit of r?
2
Let g(n) = 18*n - 128. Let l be g(7). What is the units digit of -4 - -1281*l/(-3)?
0
Let t(o) be the first derivative of -3*o**4/4 - 7*o**3/3 - 11*o**2/2 - 6*o - 76. What is the tens digit of t(-6)?
5
What is the tens digit of 425/(-35) + 12 - (-28506)/14?
3
Let w(c) = -15*c**3 + 3*c**2 - 3*c - 5. Suppose 8*z - 10*z - 6 = 0. Let u be w(z). Suppose -5*o = -u - 64. What is the tens digit of o?
0
Let h(q) = q**3 + 5*q**2 - 3. Suppose -y - j - 5 = -4, 2*y = 2*j - 14. What is the tens digit of h(y)?
1
Let z = -129 - -224. Let k = z + -97. Let y(s) = 17*s**2 - s. What is the tens digit of y(k)?
7
Suppose a + 59 - 54 = 0. Let s(x) = -10*x**3 - 3*x**2 - 8*x - 1. What is the tens digit of s(a)?
1
Suppose -2*p = -w + 22542, -3*p - 6 = -p. What is the hundreds digit of w/48 + 1/(-2)?
4
Suppose 4370 = 10*b - 19840. What is the units digit of b?
1
Suppose 38803 = h + 5*k - 24087, 3*k - 62878 = -h. What is the tens digit of h?
6
Suppose 4*h + 9*n - 189053 = 0, 153*n = 156*n - 3. What is the tens digit of h?
6
Let h be (266/35 - (-6)/(-10)) + -3. Let q be h/20*0 + 2. What is the units digit of (q/3)/(((-88)/84)/(-11))?
7
Suppose -4*w = 2*o - 6, w + 2*o = -2*w + 6. Suppose -3*s + 0*f = 3*f - 399, w = 4*s - 4*f - 556. Suppose 20*j - s = 18*j. What is the units digit of j?
8
What is the tens digit of 1*(8/2 - (-9)/((-135)/(-281535)))?
7
Let o(y) = 7*y**3 - 7*y**2 - 3*y + 44. What is the hundreds digit of o(8)?
1
Let k(s) = -2*s**3 + 19*s**2 + 10*s + 12. Let l be k(10). Suppose -4*f = l, 780 = 4*a + f + 183. What is the tens digit of a?
5
Let i(d) = 14342*d + 114. What is the tens digit of i(2)?
9
Let y = 103 + -57. Suppose -44*a + y*a - 748 = 0. What is the tens digit of a?
7
Suppose -3*v - 3*g = -984, 0*v + 980 = 3*v + 2*g. What is the hundreds digit of v?
3
Let d be 878/3*(-6 - -12). Suppose -4*l + 8 = 0, -4*k + l + d = 3*l. Suppose 5*j + 5*r = 730, 5*j + r = 2*j + k. What is the hundreds digit of j?
1
What is the tens digit of (-109418)/(-3) - ((-60)/(-225))/(4/10)?
7
Suppose 0 = -3*h - 0 + 6. Let k be -4 + 1 + 119 - 2/h. Let u = k + -46. What is the tens digit of u?
6
Let b(f) = 94*f - 58. Let i be b(-30). Let u = i + 4169. What is the hundreds digit of u?
2
Let k = -733 - -735. Let x(z) = 11*z**2 + 9*z - 20. What is the tens digit of x(k)?
4
Suppose 0 = -g - a + 3789, -20*g - 64560 = -37*g + 4*a. What is the thousands digit of g?
3
Let k(f) = 774*f - 10. Let s be k(3). Suppose -3*d = -s + 359. Suppose -d - 144 = -5*u. What is the units digit of u?
9
Let c(n) = 2607*n - 1365. What is the thousands digit of c(15)?
7
What is the thousands digit of 4/8 - 5026416/(-96)?
2
Suppose 4*o + 12 = -l, 1 = o + 3. What is the tens digit of (9954/(-3))/(-7) - l?
7
Let p = 293 - 283. Suppose p*d + 1253 = 17*d. What is the tens digit of d?
7
Let r(t) = 4237*t - 3535. What is the units digit of r(6)?
7
Let v(m) = -m**3 + 21*m**2 + 103*m - 59. What is the tens digit of v(25)?
1
Let u(s) = 398*s + 1368. What is the ten thousands digit of u(30)?
1
Suppose 338 = -7*c - 313. Suppose -2*x - 133 + 523 = 0. Let g = x + c. What is the hundreds digit of g?
1
Let r be (-2)/(